+ 7*f**4/24 + 17*f**3/6 + 23*f**2 - 3*f. What is x(6)?
-13
Suppose 0 = -3*m + 12*m - 18. Suppose -m*s = -6*s + 448. Let j(d) = 0*d - d - 118 + s. What is j(-6)?
0
Let n(x) be the first derivative of -x**3/3 + 7*x**2 - 19*x - 78. Suppose -58 = -15*d + 137. Determine n(d).
-6
Let s(a) be the third derivative of a**5/12 + a**4/12 - 5*a**3/6 + 317*a**2. Calculate s(3).
46
Let u = -976 + 975. Let v(l) be the third derivative of -15*l**4/8 - l**3/6 + 8*l**2. Calculate v(u).
44
Let o(w) = w**3 - 2 - 6*w**2 + 0*w**3 + 0*w**2 + 3*w. Let l = 335 - 121. Let b = -209 + l. Determine o(b).
-12
Let n(y) = y**3 - 10*y**2 + 11*y - 17. Suppose -5*u + 2*q + 50 = -3*q, 4*q = -4. Let l be n(u). Let m(z) = 9*z**3 + z - 1. Calculate m(l).
9
Let g(t) = -5*t**3 - 6*t**2 - 5*t. Let a(s) = -2*s**3 + 2*s**2 - s + 2. Let f(u) = 2*a(u) - g(u). Calculate f(-10).
-26
Let o be 2*1 + 170/(-17). Let y be (-93)/(-21) + o/(-14). Let f(u) = -2*u**2 - 4*u - 3. Let a(h) = h**2 + 5*h + 4. Let v(w) = y*f(w) + 4*a(w). Calculate v(1).
-5
Suppose 5*n = 2*h - 28, 8*n = 5*n - h - 19. Let p(i) be the second derivative of -i**5/20 - i**4/2 + 2*i**2 - i. Determine p(n).
4
Let d(v) = v**3 + 10*v**2 - 3*v + 9. Suppose 4*o + 3996 = -6*o + 3896. Determine d(o).
39
Let w(r) = r**3 + 2*r**2 - 2*r + 3. Suppose -2 = g + 4. Let t be (2/8)/((-10)/100)*g. Suppose 0*b - 5*b = t. Give w(b).
0
Let i(q) = 35*q**2 + 39*q + 47. Let r(k) = -19*k**2 - 20*k - 24. Let z(u) = -6*i(u) - 11*r(u). Calculate z(-8).
30
Let a(q) be the first derivative of q**6/120 - q**5/20 - q**4/6 - 7*q**3/6 + 11*q**2/2 + 11*q - 5. Let t(y) be the second derivative of a(y). Give t(4).
-7
Let s = 2 - 0. Suppose 0 = -3*o + 1 + s. Let t(q) = -q**2 + 58100*q**3 + 58122*q**3 - 174340*q**3 + 58104*q**3. Give t(o).
-15
Let w(n) = 3*n**2 + n + 1. Suppose -3*c - 14 = 2*c - i, -5*c + 2 = 3*i. Let b(o) = 26*o + 51. Let v be b(c). Calculate w(v).
3
Let c = -357 - -361. Suppose 4*q + 6 = y - 6*y, q = -c. Let g(j) = j + 2. Let i(b) = -1. Let n(x) = g(x) + 2*i(x). Calculate n(y).
2
Let b(r) = r. Let s be (12/192*100)/(1/4). Let m(q) = q**2 - 5*q - 3. Let g be m(-4). Suppose -x - g + s = 0. What is b(x)?
-8
Let u(z) = z**3 + 3*z**2 + 4*z. Let t(g) = -2*g**2 + 10*g + 9. Let p = 11 - -2. Let j(l) = -l**2 + 13*l + 6. Let i be j(p). Let o be t(i). Determine u(o).
-12
Let u(p) = -p**2 - 2*p + 2. Let j(k) = k**3 - 2*k**2 - k - 21. Let q be j(4). Suppose 4*d = -4, -5*s + 11 = 6*d - q*d. What is u(s)?
-6
Let a(s) = -25*s - 2. Let x(l) = -131*l - 18. Let y(g) = -11*a(g) + 2*x(g). What is y(-3)?
-53
Let z(c) = -c - 11. Suppose 0 = -5*f + 5, -2*q - 192 = -5*f + 3*f. Let k = q - 30. Let g = k + 118. What is z(g)?
-4
Suppose 0*j - 32 = -4*a - 2*j, -2*j = 6*a - 44. Let u(c) = 1955*c**2 + 0 - 7 + c**3 - 1961*c**2 + a*c. Give u(4).
-15
Let u(b) = -b**3 + 7*b**2 + 3*b - 17. Let h be (-2)/(-8*2/(-24)). Let n be (24/(-18) - 1)*h. Give u(n).
4
Let i(s) = -s**2 - 6*s - 3. Let m be (0 - 2) + 7 + -10. Let k be i(m). Let o(d) = -4*d**2 + 2. What is o(k)?
-14
Let l(x) be the first derivative of -x**4/4 - 7*x**3/3 - 4*x**2 - 3*x + 105. Suppose -2*t = -2*q + 3*q + 5, 4*q = 4*t + 40. What is l(t)?
-13
Let g(d) = d**3 + 39*d**2 + 3*d + 129. Let m be g(-39). Let h = -5 + 8. Let b be 78/m - h/6. Let t(c) = 2*c - 5. What is t(b)?
7
Let z(u) = 12 - 51 + 19 - u**3 + u + 19 + 6*u**2. Let y be (-567)/(-105) - 2/5. Determine z(y).
29
Let b(r) = -2*r**2 + 16*r + 3. Let o = -3811 - -3819. Determine b(o).
3
Let a(p) be the third derivative of p**6/120 + p**5/20 + 19*p**4/24 + 61*p**3/6 + 1861*p**2. Calculate a(-3).
4
Let d(v) = 3*v + 6. Let p = -115 - -117. Suppose -5*k = -4*k + p*z, -2*k = -2*z. Let y be k + 1 + (-102)/(-17). Calculate d(y).
27
Let n(o) = -2*o - 228. Let d(y) = y + 74. Let c(i) = -19*d(i) - 6*n(i). Determine c(-8).
18
Let b(r) = -3*r**2 + r. Let s(w) = w**2 - 4*w - 6. Suppose 3*t = -4*m + 77, -4*t = -3*m + 6*m - 63. Let a = 22 - m. Let k be s(a). Give b(k).
-4
Let o(m) = 6*m**3 + 2*m + 1. Let a be o(-1). Let h = -3 - a. Let z(j) = -15668*j + 4. Let y(k) = 11192*k - 3. Let p(i) = 7*y(i) + 5*z(i). What is p(h)?
15
Let a(q) = 2*q**2 + 2*q + 5. Suppose 0 = 62*w - 101 - 14 - 71. What is a(w)?
29
Let j(r) = r**2 + 23*r - 23. Suppose -70*z = 71*z - 71*z + 1750. Give j(z).
27
Let s = -6 - 11. Let c = 26 + s. Let a(m) = 2*m**3 + m**2 + 3*m - 3. Let v(r) = -21*r**3 - 39*r + 39. Let b(p) = -10*a(p) - v(p). Calculate b(c).
-9
Let o(h) = -h**3 + h. Suppose 0*s = -3*s + 18. Suppose -4*a + s + 18 = 0. Let k(u) = 7*u**3 - 3*u**2 - 2*u - 2. Let b(g) = a*o(g) + k(g). What is b(3)?
10
Let z be (-6)/(-18) - (-68)/(-6). Let m be (-64)/z - 18/(-99). Let h(p) = -53 - p - 52 + 110 + 4*p - 5*p. Calculate h(m).
-7
Suppose 2*v - 3*t - 15 = -33, -8 = -2*t. Let u(z) = 19*z + 67. Determine u(v).
10
Let h(w) be the first derivative of w**3/3 + w**2/2 - 2*w + 477. Let v(i) = i**2 - 1. Let y = -7 - -2. Let k(m) = y*h(m) + 6*v(m). What is k(3)?
-2
Let p(s) = 3*s**3 - 33*s**2 + 57*s + 46. Let x(o) = -o**3 + 11*o**2 - 18*o - 15. Let k = -770 + 763. Let q(g) = k*x(g) - 2*p(g). Give q(9).
-41
Let a(z) = z + 1. Let c(i) = 1. Let h(s) = a(s) - c(s). Let v(t) be the first derivative of -t**2 + 6. Let y(n) = -7*h(n) - 3*v(n). What is y(1)?
-1
Let a(r) = 8*r**2 - 38*r - 10. Let f = -2103 + 2108. Calculate a(f).
0
Let u(b) = -2*b + 31. Let n be u(15). Let t = 5 + -14. Let p be (t - -30)*n/(-3). Let z(g) = g**2 + 6*g - 10. What is z(p)?
-3
Let b(v) be the first derivative of 6*v**3 + 7*v**2/2 + 6*v + 23. Let h be b(-1). Suppose -o = h - 18. Let j(d) = 2*d**2 + d - 1. What is j(o)?
2
Let y(c) = c**3 + 9*c**2 + 22*c + 6. Let h be (6*10/(-30))/((-5)/60*-6). Determine y(h).
-2
Let b(p) = p**2 + 17*p + 6. Let h = 762 - 704. Suppose 182 = -71*u + h*u. What is b(u)?
-36
Suppose -4*f = -w + 44, w = 5*f - 32 + 75. Let v(u) = 6*u**2 + w*u - 24*u - 29*u + 2 - 7*u**2. Calculate v(-4).
6
Let z(f) = -f**3 + 14*f**2 + 14*f - 29. Let o(n) = -10*n**3 - 52*n**2 - 11*n + 10. Let h be o(-5). Calculate z(h).
-44
Let n(f) = 12*f + 410*f**2 - 26 + 444*f**2 - 853*f**2. Calculate n(-14).
2
Let d(s) = -3*s + 2. Let j be d(2). Let c be 6/3 + 28 - (5 + j). Suppose -28*b = -c*b - 5. Let p(m) = m + 7. Calculate p(b).
2
Let l(z) = 6*z + 5*z**2 + 0*z**2 - 8*z**3 - z**2 + 7*z**3 + 0*z**3 + 6. Give l(5).
11
Let g(z) = -11 + 0 - z**2 + 10*z + 3*z - 16. Let j be g(7). Suppose -15*q = -12*q + j. Let p(h) = h**3 + 7*h**2 + 6*h - 4. Calculate p(q).
16
Let c(t) = -t**3 - 10*t**2 - 4*t - 15. Let o be (14/4)/(4/(-1656)*-3). Let l = o + -493. What is c(l)?
25
Let b be -20 - -1 - (-4 - -1). Let o = -17 - b. Let y(c) = 5*c**3 + c. Determine y(o).
-6
Let u(x) = -x**2 + 2*x + 28. Let c(d) = -d. Let o(y) = -3*c(y) - u(y). Let a be (-16 + (-48)/(-3))/3. Determine o(a).
-28
Let u(s) = -s**2 + 13*s - 4. Let p = 30 + -23. Let g be p + 4/(12/15). What is u(g)?
8
Let k(o) = 6 - 1 - 3*o + 5*o - 13. Let n(s) be the third derivative of -5*s**4/12 - 11*s**3/2 - 37*s**2. Let f be n(-4). What is k(f)?
6
Let p(h) = h**2 + 8*h - 2. Suppose 0*v + v = 11. Suppose 0 = 451*g - 448*g - 2*u - 76, -u - 74 = -3*g. Suppose g = -15*f + v*f. Give p(f).
-14
Let h(u) be the first derivative of u**3/3 - 9*u**2/2 + 4*u - 12. Calculate h(4).
-16
Let h be 28/35*(0 + -5). Let q(c) = -c**3 - 2*c**2 - 4*c + 8. Determine q(h).
56
Suppose -4*o + 68 + 32 = 0. Suppose -4*g = -w - o, -w = -5*g + w + 29. Suppose -r + g*r = 48. Let t(m) = 2*m + 9. Give t(r).
25
Let r(p) = -p**3 - 3*p**2 - 2*p + 2. Let k be r(-2). Let z(b) = -b**2 - k*b - 1 - 5*b**2 + b**2. Let o = -1212 - -1210. Determine z(o).
-17
Let o(d) be the second derivative of -13*d**3/6 + 5*d**2 + 70*d. Let j(t) = -2*t + 1. Let v(n) = -21*j(n) + 3*o(n). What is v(-6)?
-9
Let q(w) be the first derivative of -5*w**3/3 + 7*w**2/2 - 7*w - 1790. Determine q(4).
-59
Let g be (-15)/(-6)*(-143)/(-65)*(-6)/(-3). Let u(f) = -9*f + 107. What is u(g)?
8
Let r(w) = 10909944*w - 10909943*w - 2*w**2 - w**2 - w**3. Calculate r(-5).
45
Let k(i) = 7*i**2 + 29*i + 348. Let b(j) = -3*j**2 - 14*j - 173. Let h(t) = 9*b(t) + 4*k(t). Calculate h(19).
6
Let n(d) = d**2 - 7*d - 5. Suppose 6*p - 3*p + 15 = s, -39 = -4*s + 5*p. Let q = -168 - -186. Suppose s*o - 18 = q. What is n(o)?
-11
Let j = 219 + -210. Let q(w) = j*w**2 + 14*w - w**3 - 6*w + 3*w - 14 + 0*w. What